 the prime factors of f?
79
List the prime factors of (-792)/(-297)*3417/4.
2, 17, 67
List the prime factors of (-15 - (-1 + -4))*39741/(-65).
2, 3, 1019
Let l(c) = 30*c**2 - 251*c + 209. What are the prime factors of l(41)?
2, 7, 11, 131
Suppose 108*s - 9262 = 119*s. Let i = s + 1330. List the prime factors of i.
2, 61
Let k(z) = 6961*z + 2. Let a be k(1). Suppose -23*x + 12*x + a = 0. What are the prime factors of x?
3, 211
Let u(t) = 46385*t**3 - 31*t**2 + 27*t + 2. What are the prime factors of u(1)?
3, 15461
Suppose 3*f - 4*s - 302 = 0, f + 39 - 118 = -3*s. Let z be f/(-4)*2 + -1 + -2. Let m = 155 + z. List the prime factors of m.
3, 5, 7
Let y = -3625 + 3921. What are the prime factors of y?
2, 37
Let i(z) be the second derivative of 25*z**3/3 + 11*z**2 - 47*z + 1. Let b be (-26)/(-8) - 2/8. List the prime factors of i(b).
2, 43
Suppose 20*z = -13*z + z + 25184. List the prime factors of z.
787
Suppose 0 = 2*c + 3*x - 344, -138 = -4*c - 2*x + 550. Suppose 0 = -177*j + c*j + 765. List the prime factors of j.
3, 17
Suppose -19*o + 20*o - 4*g - 410 = 0, 0 = -2*o - 3*g + 787. List the prime factors of o.
2, 199
Suppose 80372 = 77*v - 35821. What are the prime factors of v?
3, 503
Let r(d) = -2*d - 2. Let f(b) = 57*b + 65. Let q(u) = f(u) + 2*r(u). List the prime factors of q(6).
379
Suppose 0 = -2*l + 26*l - 7752. Suppose -7*h = l - 1107. What are the prime factors of h?
2, 7
Suppose -412882 = -145*o + 27*o. List the prime factors of o.
3499
Let g(a) = 42*a**3 + 5*a**2 + 51*a - 81. What are the prime factors of g(10)?
42929
List the prime factors of 499*13/78*6.
499
Suppose -78 = -2*i - 5*o - 1053, -o = 2*i + 987. Let b = i + 1189. List the prime factors of b.
2, 347
Suppose -10*t = -21578 - 175532. Suppose -128*m = -105*m - t. List the prime factors of m.
857
Let p be (10 - (12 + -5)) + 0/(-1). Suppose -v - p*v = v. Suppose 0 = 4*w - 4, v*w = -5*c - 4*w + 739. What are the prime factors of c?
3, 7
Let j = 410 - 160. Suppose -1689 - j = -7*w. List the prime factors of w.
277
Let w be ((-6)/5)/(2/(-20)). What are the prime factors of 8267/w + 3/36?
13, 53
Suppose -x + 5326 = 3*j, -31*j = -26*j - 4*x - 8854. What are the prime factors of j?
2, 887
Suppose 5*f - 4*c - 24635 - 32977 = 0, -15 = 5*c. List the prime factors of f.
2, 3, 5
Let r(a) = 2*a - 7. Let x be r(6). Suppose 0 = -x*v - 4*u + 644, 0 = -v - 2*u + 100 + 24. List the prime factors of v.
2, 3, 11
Let b(d) = 56*d**2 - 2*d. Let k be b(-2). Let h = 293 - k. List the prime factors of h.
5, 13
Let z = 59527 - 22283. List the prime factors of z.
2, 9311
Let s(t) = 11*t**2 - 10*t - 1909. List the prime factors of s(-58).
5, 1427
Let g(z) = -z**3 - 6*z**2 + 712*z + 39. What are the prime factors of g(-34)?
3, 911
Let q = 176804 - 97597. List the prime factors of q.
103, 769
Let y(a) = a**2 + 17*a + 30. Let z be y(-16). Suppose -15*m + z*m + 3 = 0. List the prime factors of 404/m + 7/21.
3, 5
Let o = -6650 - -12289. List the prime factors of o.
5639
Suppose -2264553 = -179*j + 3273371 + 2412003. List the prime factors of j.
23, 1931
Let m = -44 + 53. Suppose -5*z + m*z = -80. What are the prime factors of 4*3*z/(-12)?
2, 5
Let i(x) = 6*x**2 + 35*x + 172. Let l(k) = -24*k - 55. Let b be l(-2). List the prime factors of i(b).
13, 17
Let f(s) = 818*s**3 + 4*s**2 + 14*s - 32. What are the prime factors of f(3)?
2, 11, 503
Let b(p) = 7*p**2 + 149*p - 2775. List the prime factors of b(58).
3, 5, 37, 53
Suppose u = 5*v + 25975, -4*u - 9*v - 77895 = -7*u. What are the prime factors of u?
2, 3, 5, 173
Let h be 6/(6/(-21) + 48/21). Suppose -5*d - 7 = 2*n, -4*d = -h*d + 3. Suppose -4*i + 7*a = 10*a - 504, -5*i = n*a - 630. What are the prime factors of i?
2, 3, 7
Suppose 264*f = 328099 + 2033381. What are the prime factors of f?
5, 1789
Suppose 4*m = q - 4768, -5*m - 3*q - 5985 = 2*q. Let b = m - -1887. List the prime factors of b.
2, 347
Let c(x) = 2*x + 9. Let b(l) = l + 5. Let k(t) = -5*b(t) + 3*c(t). Let j be k(-5). What are the prime factors of 186 + (j + 4)/((-3)/(-9))?
3, 7
Let j(w) = 84*w + 99. Let b = -556 - -567. What are the prime factors of j(b)?
3, 11, 31
Let j(m) = 139*m + 72. Let c be 1 + -2 - (-1 + 7 + -10). List the prime factors of j(c).
3, 163
Let s = 14 - 51. Let f = -40 - s. List the prime factors of f*(-7)/63*(33 + 0).
11
Let d = -157 - -432. Suppose 0 = 3*v + 293 - d. What are the prime factors of -1*(0 - -2)/(v/519)?
173
Let y = -12 + 30. Let k be 3/y - 3/(18/(-12719)). Suppose -11*g = -3*g - k. List the prime factors of g.
5, 53
Let f(p) = 4*p + 60. Let y be f(-14). Suppose -5*o + 6*s - y*s + 943 = 0, -3*o + 3*s + 564 = 0. Let u = o + -68. What are the prime factors of u?
11
Let y = -26 - -20. Let f be 2 + (-1 - y/(-3)) - -192. Let a = -54 + f. List the prime factors of a.
137
Let n(r) = 27 + 14*r + 44*r - 68*r + 85*r. What are the prime factors of n(4)?
3, 109
Suppose -5*g + 15*g = 750. Suppose -2*t - g = 2*l + t, -3*l + 4*t = 70. List the prime factors of ((-537)/(-6))/(-5*3/l).
179
Suppose -4*p + 3*b + 88004 = 0, -2*p - 35*b = -30*b - 44028. What are the prime factors of p?
2, 5501
Let c = 118421 + -74935. List the prime factors of c.
2, 17, 1279
Suppose 41558 + 39583 = 17*t. What are the prime factors of t?
3, 37, 43
Suppose 7*m - 1009584 = -70*m - 67*m. What are the prime factors of m?
3, 19, 41
Let u(f) = 28*f + 10. Let m(o) = -o**3 + 12*o**2 - 11*o + 4. Let t be m(11). Suppose -2*z - 10 = -4*r - t*z, 4*z + 1 = -r. List the prime factors of u(r).
2, 47
Let b(p) = p + 1. Let a be b(1). Suppose 606 = a*r + 5*j, 3*r - 6*r - 5*j + 909 = 0. Suppose 9*w - 183 = r. List the prime factors of w.
2, 3
Let l be (-22)/(-4) - 10/20. Suppose -c - 259 + 14 = -5*m, -l*c - 225 = -5*m. Suppose -9*k + 10*k = m. List the prime factors of k.
2, 5
Suppose -158*v + 104607 = 19*v. List the prime factors of v.
3, 197
Suppose -3*u + 2 = -4*h + 5*h, -4*u = h - 3. What are the prime factors of u/(-6) + (1587/18)/1?
2, 11
Let o(k) = k + 6. Let s be o(3). Suppose -x - 128 = -s*x. Let r = x + 89. List the prime factors of r.
3, 5, 7
Let y(q) = -6*q - 25. Let n be y(-5). Suppose 2*c + j - 982 = 6*j, -c - n*j = -506. What are the prime factors of c?
2, 31
Let r(b) = b**3 - 11*b**2 + 25*b - 8. Let w be r(8). Let z be ((-28)/(-12))/((-2)/(-36) + w). Let o = z - 26. List the prime factors of o.
2
Suppose -5 = -2*n - 1, -s - 2*n = -6. Suppose j - 53 = s*q, -2*q = 4*j + 2*q - 272. List the prime factors of j.
3, 7
Let l = -29838 + 44283. What are the prime factors of l?
3, 5, 107
Let v = -104 - -126. Suppose -23*u = -v*u - 139. Suppose -19 = 3*p - u. List the prime factors of p.
2, 5
List the prime factors of (-51325)/(-7) + 36/42.
7333
Let j = 37 - 35. Let y(p) = 1 + j + 4*p + 6 + 11. What are the prime factors of y(19)?
2, 3
Let k(o) be the second derivative of 0 + 7*o**4 - 1/2*o**2 + 1/6*o**3 - 28*o. List the prime factors of k(1).
2, 3, 7
Let f(r) = 15*r**3 + 3*r**2 + 2*r + 26. Let i(s) = -27*s**3 - 6*s**2 - 5*s - 54. Let y(b) = 7*f(b) + 4*i(b). What are the prime factors of y(-5)?
2, 37
Let j be 20*2/(-24)*-21. Suppose j*s = 39*s. Suppose -a + 45 = -5*g, 4*a + s*a - 246 = -2*g. List the prime factors of a.
2, 3, 5
Suppose -l + 4*s + 27205 = 4*l, -2*l - 4*s = -10910. What are the prime factors of l?
3, 5, 11
Let a(p) = 549*p - 1935. Let f(r) = 25*r - 88. Let o(s) = -2*a(s) + 45*f(s). List the prime factors of o(13).
3, 29
Let m = 55 + -45. Let i(x) = m*x - x**3 + 12*x**2 + 2*x + 0*x**3 - 2*x - 7. What are the prime factors of i(12)?
113
Let o = 18 - 8. Suppose -x - 4*p = 12, -4*p = 2 + o. Suppose x = -5*d + 9 + 16. What are the prime factors of d?
5
Let x = 8078 - 5525. Suppose -28*v + x = -21807. List the prime factors of v.
2, 3, 5, 29
Suppose -3*z + 3 - 2 = 2*p, z - 2 = -p. Suppose -2*w + p*w = 0. Suppose 3*c - 309 = -t, w = 3*t - t + 6. List the prime factors of c.
2, 13
Let f(z) = 2*z**2 - 5*z - 5. Let p be f(-1). Suppose -4*s = 2*n - 66, -7*n = -p*n - s - 165. List the prime factors of n.
3, 11
Let f = -38 + 43. Suppose f + 5 = 2*o. Suppose -o*s + 8*s - 132 = -2*n, 2*s - 5*n = 88. What are the prime factors of s?
2, 11
Let h(j) = 4 + 22 - j + 0 + 1. Let o be h(16). Suppose o*d - 5*d = 102. List the prime factors of d.
17
Let q = -2215 - -4564. List the prime factors of q.
3, 29
What are the pr